
36
Calculate the remainder when 254873 is divided by 96.
89
What is the remainder when 68337 is divided by 134?
131
What is the remainder when 262 is divided by 12?
10
Calculate the remainder when 2749832 is divided by 9.
8
What is the remainder when 267695 is divided by 208?
207
What is the remainder when 850450 is divided by 212610?
10
Calculate the remainder when 36117 is divided by 301.
298
What is the remainder when 22090 is divided by 12?
10
What is the remainder when 4760 is divided by 133?
105
What is the remainder when 58742 is divided by 2275?
1867
What is the remainder when 4892 is divided by 1628?
8
What is the remainder when 526423 is divided by 8?
7
Calculate the remainder when 651 is divided by 498.
153
Calculate the remainder when 4324824 is divided by 262.
252
What is the remainder when 4102 is divided by 1243?
373
Calculate the remainder when 25138 is divided by 166.
72
Calculate the remainder when 185026 is divided by 44.
6
Calculate the remainder when 51314 is divided by 141.
131
Calculate the remainder when 68755 is divided by 2.
1
Calculate the remainder when 419 is divided by 29.
13
Calculate the remainder when 5107 is divided by 48.
19
What is the remainder when 20718 is divided by 397?
74
What is the remainder when 11809 is divided by 14?
7
What is the remainder when 24703 is divided by 12346?
11
What is the remainder when 15047 is divided by 97?
12
Calculate the remainder when 103433 is divided by 137.
135
What is the remainder when 874699 is divided by 20826?
7
What is the remainder when 27065 is divided by 74?
55
Calculate the remainder when 14473 is divided by 7224.
25
Calculate the remainder when 10252 is divided by 186.
22
Calculate the remainder when 329667 is divided by 84.
51
What is the remainder when 9751 is divided by 1440?
1111
Calculate the remainder when 1339 is divided by 208.
91
Calculate the remainder when 89418 is divided by 17.
15
What is the remainder when 71078 is divided by 84?
14
What is the remainder when 546106 is divided by 1484?
1478
Calculate the remainder when 1145565 is divided by 359.
355
What is the remainder when 1233817 is divided by 196?
193
Calculate the remainder when 12426 is divided by 12226.
200
What is the remainder when 14640 is divided by 631?
127
Calculate the remainder when 318702 is divided by 16.
14
What is the remainder when 2782 is divided by 310?
302
What is the remainder when 3891 is divided by 205?
201
Calculate the remainder when 519 is divided by 33.
24
Calculate the remainder when 2602 is divided by 2335.
267
Calculate the remainder when 17528 is divided by 18.
14
What is the remainder when 44769 is divided by 62?
5
What is the remainder when 229324 is divided by 181?
178
What is the remainder when 2997518 is divided by 1424?
1422
Calculate the remainder when 2014 is divided by 595.
229
Calculate the remainder when 38709 is divided by 13.
8
What is the remainder when 171538 is divided by 12?
10
What is the remainder when 64088 is divided by 763?
759
Calculate the remainder when 125673 is divided by 277.
192
Calculate the remainder when 5456 is divided by 52.
48
Calculate the remainder when 3217199 is divided by 12.
11
What is the remainder when 2695 is divided by 2683?
12
Calculate the remainder when 1359 is divided by 1320.
39
What is the remainder when 8029945 is divided by 510?
505
What is the remainder when 8332 is divided by 2719?
175
Calculate the remainder when 211855 is divided by 559.
553
What is the remainder when 76284 is divided by 95?
94
Calculate the remainder when 3783 is divided by 1138.
369
Calculate the remainder when 3067 is divided by 237.
223
Calculate the remainder when 16664 is divided by 148.
88
What is the remainder when 988 is divided by 483?
22
What is the remainder when 26591 is divided by 886?
11
Calculate the remainder when 40659 is divided by 376.
51
Calculate the remainder when 2972780 is divided by 27.
26
Calculate the remainder when 7152 is divided by 341.
332
Calculate the remainder when 3465 is divided by 831.
141
What is the remainder when 1877 is divided by 477?
446
Calculate the remainder when 106476 is divided by 467.
0
Calculate the remainder when 2720 is divided by 1352.
16
What is the remainder when 2604 is divided by 30?
24
Calculate the remainder when 1451176 is divided by 431.
430
What is the remainder when 28317 is divided by 9277?
486
What is the remainder when 9300 is divided by 1322?
46
What is the remainder when 4365 is divided by 1222?
699
Calculate the remainder when 593920 is divided by 7.
5
Calculate the remainder when 18326 is divided by 18326.
0
Calculate the remainder when 2591 is divided by 20.
11
Calculate the remainder when 299830 is divided by 1052.
10
Calculate the remainder when 134863 is divided by 2325.
13
Calculate the remainder when 11338 is divided by 11175.
163
Calculate the remainder when 15255 is divided by 15255.
0
Calculate the remainder when 8230 is divided by 2740.
10
What is the remainder when 254512 is divided by 266?
216
Calculate the remainder when 40509 is divided by 68.
49
What is the remainder when 910 is divided by 19?
17
What is the remainder when 1363668 is divided by 805?
803
What is the remainder when 4076 is divided by 6?
2
Calculate the remainder when 1943 is divided by 980.
963
Calculate the remainder when 89013 is divided by 38.
17
What is the remainder when 30134 is divided by 735?
734
What is the remainder when 12784 is divided by 48?
16
What is the remainder when 376327 is divided by 125437?
16
What is the remainder when 17399 is divided by 555?
194
What is the remainder when 249243 is divided by 249239?
4
Calculate the remainder when 141732 is divided by 125.
107
Calculate the remainder when 1194 is divided by 532.
130
What is the remainder when 1158 is divided by 785?
373
What is the remainder when 5301971 is divided by 156?
155
Calculate the remainder when 22176 is divided by 718.
636
Calculate the remainder when 17672 is divided by 631.
4
Calculate the remainder when 4218 is divided by 31.
2
What is the remainder when 682996 is divided by 9486?
4
Calculate the remainder when 351194 is divided by 10.
4
What is the remainder when 1906059 is divided by 20?
19
What is the remainder when 15794848 is divided by 30?
28
Calculate the remainder when 58525 is divided by 518.
509
Calculate the remainder when 359164 is divided by 119721.
1
Calculate the remainder when 476905 is divided by 238448.
9
What is the remainder when 5419 is divided by 226?
221
Calculate the remainder when 431523 is divided by 354.
351
Calculate the remainder when 160875 is divided by 26.
13
Calculate the remainder when 2211 is divided by 168.
27
What is the remainder when 10766 is divided by 34?
22
Calculate the remainder when 10928 is divided by 28.
8
Calculate the remainder when 10639 is divided by 34.
31
What is the remainder when 40708 is divided by 20?
8
What is the remainder when 1497306 is divided by 289?
286
Calculate the remainder when 49489 is divided by 2356.
13
Calculate the remainder when 4463 is divided by 3770.
693
What is the remainder when 92044 is divided by 312?
4
Calculate the remainder when 449460 is divided by 51.
48
What is the remainder when 5989 is divided by 139?
12
What is the remainder when 9389 is divided by 2333?
57
What is the remainder when 17425 is divided by 249?
244
What is the remainder when 91957 is divided by 453?
451
What is the remainder when 97116 is divided by 368?
332
What is the remainder when 32948 is divided by 25?
23
Calculate the remainder when 2148 is divided by 177.
24
Calculate the remainder when 254 is divided by 64.
62
What is the remainder when 30968 is divided by 348?
344
Calculate the remainder when 19362 is divided by 421.
417
What is the remainder when 154087 is divided by 38512?
39
Calculate the remainder when 1523 is divided by 399.
326
Calculate the remainder when 1257 is divided by 321.
294
What is the remainder when 72188 is divided by 282?
278
Calculate the remainder when 259829 is divided by 129910.
9
What is the remainder when 4859 is divided by 155?
54
Calculate the remainder when 308 is divided by 10.
8
Calculate the remainder when 305592 is divided by 375.
342
What is the remainder when 600783 is divided by 15810?
3
Calculate the